hest common divisor of y and r?
1
Suppose -3*o + 0*o + 5*t = -37, -2*t = 4. Let d(n) = n + 7. Let p be d(-8). Let k = 2 + p. What is the greatest common factor of k and o?
1
Let d be -15*(0 - 2 - 0 - 3). What is the highest common factor of d and 25?
25
Let z = -10 - -18. Let a = -45 + 101. What is the greatest common factor of z and a?
8
Let o(d) = -d**3 + 6*d**2 - 6*d - 8. Let h be o(7). Let c = 195 + h. What is the highest common divisor of 24 and c?
24
Let b = 193 - 124. What is the highest common divisor of 23 and b?
23
Let x be -6 + 3 + 12 + -3. Let l be x - -2*(-1 - 0). Calculate the greatest common factor of l and 10.
2
Let o = -158 + 256. Suppose -188 = -4*r - 7*g + 3*g, 2*r = -4*g + o. Let j = -57 + 87. What is the greatest common divisor of j and r?
15
Let z(v) = v**2 - 14*v - 1. Let m be z(16). Calculate the greatest common factor of 124 and m.
31
Let g be 0 + 2 - 5*-8. Let j = 11 - 5. What is the highest common divisor of g and j?
6
Suppose 0 = -0*q - 4*q - 16. Let d(p) = p**3 + 5*p**2 + p - 5. Let t be d(q). Let u be t*4*(-1 - -2). Calculate the greatest common divisor of 14 and u.
14
Let k = 129 - 63. Calculate the highest common divisor of 6 and k.
6
Suppose 3*r - 72 = -0*r. Suppose 2*z - r = -3*f, -f = -4*z + 2*z + 24. Calculate the greatest common divisor of 12 and z.
12
Suppose -4*d + 112 + 8 = 0. Let r = 54 + -9. Calculate the highest common factor of r and d.
15
Let h be -1 - 4/(4/(-77)). What is the greatest common divisor of 19 and h?
19
Suppose -2*t - 11 = s, 3 = -4*t + 5*s - 26. Let o be ((-9)/t)/((-9)/(-96)). Let i(a) = 112*a. Let g be i(1). Calculate the greatest common factor of g and o.
16
Let z = -861 + 1225. Suppose 0*y - z = -4*y. What is the greatest common factor of 13 and y?
13
Suppose 0 = 4*g - g - 9. Suppose -g - 1 = -2*w. What is the greatest common factor of 8 and w?
2
Suppose -x - 4*x - 89 = -4*s, 3*x = -15. Calculate the highest common divisor of s and 4.
4
Let x be (-1)/(-2)*(3 - -3). Let m be (138/x - -1) + -3. Suppose -6 = d - m. Calculate the highest common divisor of 95 and d.
19
Let x = -29 - -2. Let m = x - -47. Calculate the highest common divisor of 40 and m.
20
Let t = 1 + 3. Let c = t - 1. Calculate the greatest common divisor of 9 and c.
3
Let z be (6*2)/(6/4). Suppose 3*f - 59 = -s + 16, 0 = s - 4*f - 68. Calculate the highest common divisor of z and s.
8
Let b = -10 - -15. Suppose -b*p + 26 = -19. What is the highest common divisor of p and 81?
9
Let k(l) = 2*l**3 - l**2 - l - 2. Let v be k(2). Calculate the greatest common divisor of v and 4.
4
Let o be -3*(1 - 21/9). Calculate the greatest common divisor of 36 and o.
4
Let w be 10 - (5 - (-4 - -6)). Calculate the greatest common factor of w and 49.
7
Let f(r) = -2*r**3 + r + 1. Let w be f(-1). Suppose -1 - 4 = -n + w*o, -1 = -o. Suppose 0 = -t + 19 - n. What is the highest common factor of t and 108?
12
Suppose 4*d + 11 - 151 = f, -d = -2*f - 42. What is the greatest common factor of d and 17?
17
Suppose 9*q = 585 + 1809. Calculate the greatest common divisor of 38 and q.
38
Let j(z) = 2 - 4*z - 2 - 4 + 3. Let k be j(-9). Calculate the greatest common divisor of 7 and k.
7
Let a(f) = -f**3 - 11*f**2 + 12*f + 5. Let m be a(-12). Suppose -m*g + 79 = -21. Calculate the greatest common factor of g and 50.
10
Let x(c) = 1. Let w(j) = 64*j**2 + 3. Let p(h) = w(h) - 4*x(h). Let u be p(1). Calculate the greatest common divisor of 7 and u.
7
Let r = 13 - 10. Suppose -y + 38 = 2*g + r*g, 0 = 3*y - 3*g - 204. What is the highest common factor of y and 7?
7
Let w(r) = r**3 - r**2 - 2*r + 133. Let k be w(0). Let p(y) = y + 19. Let n be p(0). Calculate the greatest common divisor of k and n.
19
Let x = -14 + -50. Let z be (-3)/(6/x*2). Calculate the greatest common divisor of z and 24.
8
Let x be 132/(-9)*-3 - 2. What is the highest common factor of x and 28?
14
Let a(s) = 2*s**2 + s + 1. Let y be a(-3). Let z be 24/y + (-17)/(-2). What is the highest common divisor of z and 40?
10
Let q(g) = g**2 - g - 1. Let r be q(3). Let z(b) = -b**2 - 12*b - 3. Let i be z(-8). Let p = i + r. Calculate the highest common factor of p and 17.
17
Let d = 28 + -20. Calculate the greatest common divisor of 12 and d.
4
Suppose 3*i = -0*f - 3*f - 51, f = -2*i - 36. Let p = 8 - i. What is the greatest common divisor of 18 and p?
9
Let m(z) = 2*z**2 + z + 2. Let a = 3 + -5. Let t be m(a). Suppose x = t + 2. What is the greatest common factor of x and 60?
10
Let j(s) = -s + 9. Let m be j(4). Suppose -2*y - h = -22 - 9, 5*h - 75 = -m*y. What is the greatest common factor of 128 and y?
16
Let k = -23 + 27. What is the highest common factor of 8 and k?
4
Let b(a) = a**3 - 5*a**2 - 6*a + 1. Let k be b(6). Let x = 2 + k. What is the highest common divisor of x and 15?
3
Let v(x) be the second derivative of -x**5/20 + 7*x**4/12 + x**3/2 - 5*x**2/2 - 2*x. Let d be v(7). Calculate the greatest common factor of d and 160.
16
Suppose -10 = -2*w - 2*d, -4*w + 5 = 5*d - 18. Suppose -4*t - 16 = -q + 14, 4 = -w*t. Calculate the greatest common factor of q and 2.
2
Let i be (36/(-10))/(37/20 - 2). Calculate the highest common divisor of 60 and i.
12
Let s(j) = -35*j - 5. Suppose -5*f - 17 = 3. Let v be s(f). What is the greatest common factor of v and 15?
15
Let a(s) = 2*s - 4. Let h be a(3). Suppose 0 = -4*t + h*t. Let w be (-27)/6*(t - 2). Calculate the greatest common divisor of 72 and w.
9
Let t = 18 + -7. Calculate the greatest common factor of 22 and t.
11
Let g(m) = 2*m + 30. Let k be g(-6). What is the highest common divisor of k and 45?
9
Suppose 5*x = 5*i + 580, 2*i = i - 2. Calculate the greatest common factor of 19 and x.
19
Let p be ((-36)/(-5))/(6/20). Let a = 116 + 4. Calculate the greatest common divisor of a and p.
24
Suppose 5*x - 5 = 6*x. Let m = x + 8. Calculate the greatest common divisor of 27 and m.
3
Let w = 28 + -18. Calculate the greatest common factor of w and 2.
2
Suppose 4*y - 388 = -4*f, -4*f - f + 390 = 4*y. Suppose 3*s = -3*b + 195, 0*s + y = s - 5*b. What is the greatest common factor of 14 and s?
14
Let i = -67 - -81. Calculate the highest common divisor of 2 and i.
2
Suppose -384 = -5*f + 301. Let y = 201 - f. What is the greatest common factor of y and 8?
8
Let z = -6 + 7. Suppose 3*g + 9 + z = -5*p, -5*p = 5*g. Suppose 0 = -5*m + 52 + 223. What is the highest common divisor of g and m?
5
Let r be 39/6 + 3/(-2). Suppose -h - 86 = -4*y - 0*h, r*y - 99 = -3*h. Suppose -g + 5 + 2 = 0. Calculate the greatest common factor of y and g.
7
Let s(g) = 10*g**3 - g + 1. Let y be 1*-2*2 - -2. Let d be 4/(0 - y) - 1. Let x be s(d). Calculate the highest common factor of x and 20.
10
Suppose 10 = 4*u - 2. Let g = -12 + 14. Suppose 0 = -5*l + s + g*s, 0 = 3*l + 3*s - 24. What is the greatest common factor of l and u?
3
Let f be (4 + (-2 - 1))*34. Calculate the highest common divisor of f and 17.
17
Suppose -14 = -4*t + 14. What is the greatest common divisor of 28 and t?
7
Let c = -7 + 4. Let g be 22 - c/(3/3). Let l be (0 - 0) + -3 + 13. Calculate the highest common factor of l and g.
5
Let d(t) = t + 2. Let o be d(10). Let a be (-33)/(-4) - 3/o. Calculate the greatest common factor of 56 and a.
8
Suppose 22*i - 24*i = -448. Calculate the greatest common factor of i and 32.
32
Suppose 4*k + k - 130 = 0. Calculate the greatest common divisor of k and 39.
13
Suppose 4*v = -4*m + 64, -5*v - 6*m + 2*m = -84. What is the highest common divisor of v and 20?
20
Suppose -2*d = -d - 16. Let r be ((-2)/2 - 0)*(9 - 11). What is the greatest common factor of r and d?
2
Suppose -120 = -2*s + 2*n, 160 = 3*s + n - 0*n. Calculate the greatest common factor of 11 and s.
11
Let a = 549 - 307. Calculate the highest common factor of 22 and a.
22
Suppose 4*m + 12 = -4. Let b be m/4 + (1 - -1). Calculate the greatest common factor of b and 8.
1
Suppose 3*v - 13 = -2*v - 2*o, -17 = -5*v + 2*o. Suppose -2*c + 20 = v*c. Let f = 27 - -1. Calculate the highest common factor of c and f.
4
Suppose -63 = 16*j - 19*j. Calculate the greatest common factor of j and 63.
21
Let z(q) = -2*q**2 + q. Let f be z(-1). Let g(d) = -d**3 - d**2 + 4*d + 7. Let a be g(f). Calculate the highest common factor of a and 91.
13
Let n(m) = -3*m - 12. Suppose 5*p + 8 = 4*p. Let f be n(p). Calculate the highest co